= 3*x. Suppose x = -h - 2*h. Let m = -29 - h. Calculate the greatest common factor of m and 55.
11
Let u(q) = 2*q**2 + 5*q - 2. Let t be u(4). Suppose -2*g - 3*g = -t. Suppose -l + 51 + 59 = 0. Calculate the highest common factor of g and l.
10
Suppose -11*s + 74 = -10*s - 3*t, t = s - 78. What is the greatest common factor of s and 10?
10
Let w = -338 + 503. Calculate the highest common factor of 44 and w.
11
Let u be (-4)/(-1) - ((-638)/11 - 6). Suppose 3*l = -15, 0 = 3*k - 7*k + l + 73. What is the greatest common factor of k and u?
17
Let r = -10 + 110. Suppose -4 = 3*k - 16. Suppose j = 5*z - 0*j - 124, k*z + 4*j - 104 = 0. What is the greatest common factor of z and r?
25
Let x = 424 + -420. What is the highest common factor of x and 32?
4
Let p(w) = w. Let s(f) = 2*f - 6. Let u(z) = 6*p(z) - s(z). Let m be u(-6). Let a = 23 + m. What is the greatest common factor of 5 and a?
5
Let u = 218 - 130. Let r = -24 - 2. Let z = r + 37. Calculate the greatest common divisor of z and u.
11
Suppose -3*r = 12, -3*g + r = -r - 26. Let q be 2/g + (-80)/(-30). Let c be q/(-8) - 2190/(-80). What is the highest common divisor of c and 9?
9
Let j(c) = 5*c**2 - 16*c + 12. Let h(n) = 3*n**2 - 8*n + 6. Let m(r) = 7*h(r) - 4*j(r). Let i be m(-10). What is the highest common factor of i and 21?
7
Let h(u) = -u**3 - 16*u**2 - 42*u - 16. Let x be h(-13). Let r = 244 + -83. What is the greatest common divisor of r and x?
23
Let d(t) = t**3 - 39*t**2 + 36*t + 12. Let w be d(39). What is the greatest common divisor of w and 24?
24
Suppose -4*z + p = 12, -z + 0*z = -p. Let i be (10/z)/(1/(-6)). What is the highest common divisor of 75 and i?
15
Suppose -t + 2*s - 86 = 0, 0 = -4*t - s + 3*s - 362. Let g = 102 + t. Let h be 1 + 2 + 3*9. Calculate the greatest common divisor of g and h.
10
Let j = -1901 + 2669. Calculate the highest common divisor of j and 48.
48
Suppose -4*x + x + 45 = -5*y, 4*x - 3*y = 71. Let q = x + -7. What is the greatest common divisor of 39 and q?
13
Let o be (-6 - 126/(-24)) + (-5481)/(-28). What is the greatest common divisor of 65 and o?
65
Let q(a) = -a**2 - 6*a + 4. Let y be q(-4). Let t(z) = 19*z - 1. Let o be t(1). Suppose -4*h = -o - 30. Calculate the highest common divisor of y and h.
12
Suppose t - 2*o + 5 = -1, 15 = 5*o. Suppose -2*d = -t*d - 144. Calculate the greatest common divisor of d and 8.
8
Suppose -2*x + 348 = x. What is the greatest common factor of x and 145?
29
Let n = 6 - 4. Suppose -f - 3*f + 288 = n*x, 5*f - 430 = -3*x. What is the highest common divisor of x and 56?
28
Let p(z) = -z**2 - 4*z - 1. Let s be p(-3). Let m be s/7 - (-376)/7. Suppose 0*j = j - m. Calculate the greatest common divisor of 18 and j.
18
Let x = 55 + -10. Let o = 4 + 0. Suppose -o*r + 72 = -0*r. Calculate the highest common divisor of r and x.
9
Suppose -82 = -5*m + 88. Suppose -6020 = -4*l - 0*l. Suppose -l = -4*h + 3*w, -3*h + w = -2*w - 1131. What is the greatest common factor of m and h?
34
Suppose -6*c - 70 - 332 = 0. Let j = -37 - c. Calculate the highest common factor of 10 and j.
10
Suppose 631 + 2249 = 5*o. Calculate the highest common divisor of o and 8.
8
Let z be 4/14 + (-3072)/(-28). Suppose 50 - 2 = 4*b - 2*n, 4*n = -3*b + 14. Calculate the greatest common divisor of z and b.
10
Let y be (-4 - -2)*-25*(-2)/(-4). Calculate the highest common divisor of 450 and y.
25
Let j be (1 + 0)/(-3 - (-2950)/980). Calculate the greatest common divisor of j and 70.
14
Let t = 422 - -55. Calculate the highest common divisor of t and 53.
53
Let n(x) = 3*x - 68. Let b be n(24). Suppose -144 = b*k - 8*k. What is the greatest common divisor of 18 and k?
18
Let o(t) = t**3 + 2*t**2 - t + 28. Let c be o(0). What is the greatest common divisor of c and 7?
7
Let n = -501 + 736. Suppose 5*o = -0*o - n. Let z = 96 + o. Calculate the highest common divisor of 7 and z.
7
Suppose 10*j - 30 = -0*j. Suppose -4*l - 5*f = -135, -5*l + 239 = j*f + 67. What is the highest common factor of 5 and l?
5
Let t = 364 + -213. Let z = t + -86. What is the greatest common divisor of 13 and z?
13
Suppose -2*o = -19 - 1. Suppose 0 = 4*i - 16 + 12. Let w be -1*(5 - i - 114). What is the highest common divisor of w and o?
10
Let v = -593 + 673. Let c(k) = 61*k - 2. Let d be c(2). What is the greatest common factor of d and v?
40
Let x(b) = b**3 + 18*b**2 + 66*b - 2. Let g be x(-7). What is the highest common divisor of g and 1025?
25
Let f(j) = -8 + j**3 + j - 5*j**2 + 3*j - 2*j**3. Let z be f(-6). Let s be (-22)/6 - -4 - 136/(-24). Calculate the highest common divisor of z and s.
2
Let m = -514 + 666. What is the highest common factor of 8 and m?
8
Suppose 3*r + 6*r - 369 = 0. Suppose -2*p - 23 = -r. Calculate the greatest common divisor of 3 and p.
3
Let r = 156 - 92. Let g be (2 + 22 + 1)/(8/r). Calculate the highest common factor of g and 25.
25
Let j = 60 - 36. Suppose 11*l - j = 42. Let n = 5 - -49. Calculate the greatest common factor of l and n.
6
Let v(w) = w**2 - 5*w + 2. Let s be v(7). Suppose 0 = -3*l + 4*r + s + 4, 3*l - 40 = -r. What is the greatest common divisor of 36 and l?
12
Let i be 4/6 + (-194)/(-6). Let u(s) = 20*s**2 + 10*s - 9. Let c be u(1). Suppose a - c = 1. Calculate the greatest common divisor of i and a.
11
Let n = -47 - -43. Let d = n + 9. What is the highest common factor of d and 10?
5
Suppose -44*o + 37*o + 196 = 0. What is the greatest common divisor of o and 364?
28
Let i(c) = 86*c - 3. Let g be i(3). Let q = 1266 + -1251. What is the greatest common factor of q and g?
15
Suppose -2*c - 44 = 2*c. Let z(g) = -g**3 - 12*g**2 - 13*g + 13. Let p be z(c). Calculate the greatest common factor of 14 and p.
7
Let j = -899 + 1107. Let k(f) = -10*f - 4. Let q be k(-2). What is the highest common factor of q and j?
16
Let o = -6 - -9. Let d be 0 - o - -63 - 3. What is the highest common factor of 38 and d?
19
Suppose 2*m - 8*c = -10*c + 48, -3*m - 5*c = -70. What is the greatest common factor of 225 and m?
25
Suppose 0 = 2*z - 180 + 42. Suppose 5*u - 25 = 0, 2*u + z = 4*t - 81. Let h be ((-8)/24)/(1/(-48)). What is the highest common factor of t and h?
8
Suppose -4*t = u - 56, 5*u + 4*t - 192 = 2*u. Let x = u - 26. Calculate the greatest common factor of 462 and x.
42
Suppose 2*m = -5*w - 10, -m = -5*w + 3*w - 13. Let t(p) = 6*p - 8. Let z be t(m). Calculate the greatest common factor of z and 110.
22
Let i(g) = 9*g**2 - 7*g. Let w be i(4). Let h = w - 17. Calculate the greatest common factor of h and 11.
11
Let y = -7593 + 7663. Suppose 0 = -4*a + 152 - 40. What is the highest common divisor of a and y?
14
Let z = -282 - -401. Let v = -2 - -19. Calculate the greatest common factor of v and z.
17
Let j(y) = 9*y + 16. Let o be j(-5). Let a = 125 + o. Let k be (a/(-30))/(4/(-110)). What is the highest common divisor of 8 and k?
8
Suppose -5*h = -5*n + 10, -4 = -5*n + 3*h + 4. What is the highest common factor of 8 and n?
1
Suppose 158*h - 87*h = 20022. What is the greatest common divisor of 30 and h?
6
Let p = 959 + -937. Let u(v) = 22*v**2. Let o be u(-1). Calculate the greatest common divisor of p and o.
22
Let c(s) = s**3 - 7*s**2 + 8*s - 8. Let j be c(6). Suppose j*u = -2*i + 32, u - 3*i - 7 = 15. Let b = 278 - 273. What is the highest common factor of u and b?
5
Let v = -733 - -768. Calculate the greatest common divisor of 133 and v.
7
Let z = 9 + -6. Let n(q) = q**3 + 12*q**2 - 14*q - 1. Let m be n(-13). What is the highest common divisor of z and m?
3
Let b = 35 + -16. Let s(x) = -8*x**3 - x**2 - 2*x - 3. Let j be s(-2). Suppose 6*g - j = 281. What is the highest common factor of b and g?
19
Let z(k) = -k**2 - 11*k + 32. Let v be z(-10). What is the greatest common factor of 210 and v?
42
Let h = 819 + -791. Calculate the greatest common factor of h and 140.
28
Suppose 0 = 2*c + 14 - 102. Suppose j - 4*i - 1 - 17 = 0, -5*i + 15 = 0. Let s be 34/6 + j/(-18). What is the greatest common divisor of c and s?
4
Let v(f) = -2*f**3 + 13*f**2 + 12*f + 9. Let w be v(7). What is the greatest common divisor of 319 and w?
11
Let m(w) = w**2 + 3*w. Let g be m(4). Let d be -4 + 40/6*3 + -2. Calculate the highest common divisor of d and g.
14
Suppose 0 = -0*z - 3*z - 5*j - 205, 4*z - 5*j + 215 = 0. Let o be (-20)/z - 28/(-6). Let k = o + 3. What is the high